{"version":"1.0","provider_name":"Fotoklub \u010cakovec","provider_url":"https:\/\/fotoklub-cakovec.hr\/wp","author_name":"Filip Lu\u010din","author_url":"https:\/\/fotoklub-cakovec.hr\/wp\/author\/filiplucin","title":"Otvoren 33. Zagreb salon, uspjeh na\u0161ih \u010dlanova! - Fotoklub \u010cakovec","type":"rich","width":600,"height":338,"html":"<blockquote class=\"wp-embedded-content\" data-secret=\"V6f5n0dgYf\"><a href=\"https:\/\/fotoklub-cakovec.hr\/wp\/2010\/11\/otvoren-33-zagreb-salon-uspjeh-nasih-clanova\">Otvoren 33. Zagreb salon, uspjeh na\u0161ih \u010dlanova!<\/a><\/blockquote><iframe sandbox=\"allow-scripts\" security=\"restricted\" src=\"https:\/\/fotoklub-cakovec.hr\/wp\/2010\/11\/otvoren-33-zagreb-salon-uspjeh-nasih-clanova\/embed#?secret=V6f5n0dgYf\" width=\"600\" height=\"338\" title=\"&#8220;Otvoren 33. Zagreb salon, uspjeh na\u0161ih \u010dlanova!&#8221; &#8212; Fotoklub \u010cakovec\" data-secret=\"V6f5n0dgYf\" frameborder=\"0\" marginwidth=\"0\" marginheight=\"0\" scrolling=\"no\" class=\"wp-embedded-content\"><\/iframe><script type=\"text\/javascript\">\n\/* <![CDATA[ *\/\n\/*! This file is auto-generated *\/\n!function(d,l){\"use strict\";l.querySelector&&d.addEventListener&&\"undefined\"!=typeof URL&&(d.wp=d.wp||{},d.wp.receiveEmbedMessage||(d.wp.receiveEmbedMessage=function(e){var t=e.data;if((t||t.secret||t.message||t.value)&&!\/[^a-zA-Z0-9]\/.test(t.secret)){for(var s,r,n,a=l.querySelectorAll('iframe[data-secret=\"'+t.secret+'\"]'),o=l.querySelectorAll('blockquote[data-secret=\"'+t.secret+'\"]'),c=new RegExp(\"^https?:$\",\"i\"),i=0;i<o.length;i++)o[i].style.display=\"none\";for(i=0;i<a.length;i++)s=a[i],e.source===s.contentWindow&&(s.removeAttribute(\"style\"),\"height\"===t.message?(1e3<(r=parseInt(t.value,10))?r=1e3:~~r<200&&(r=200),s.height=r):\"link\"===t.message&&(r=new URL(s.getAttribute(\"src\")),n=new URL(t.value),c.test(n.protocol))&&n.host===r.host&&l.activeElement===s&&(d.top.location.href=t.value))}},d.addEventListener(\"message\",d.wp.receiveEmbedMessage,!1),l.addEventListener(\"DOMContentLoaded\",function(){for(var e,t,s=l.querySelectorAll(\"iframe.wp-embedded-content\"),r=0;r<s.length;r++)(t=(e=s[r]).getAttribute(\"data-secret\"))||(t=Math.random().toString(36).substring(2,12),e.src+=\"#?secret=\"+t,e.setAttribute(\"data-secret\",t)),e.contentWindow.postMessage({message:\"ready\",secret:t},\"*\")},!1)))}(window,document);\n\/* ]]> *\/\n<\/script>\n","description":"Zagreb. 4. studeni. Fotoklub Zagreb od 1910. godine tradicionalno organizira me\u0111unarodnu izlo\u017ebu fotografije, koja 1962. godine dobiva i svoje dana\u0161nje ime &#8211; Zagreb salon. U tom dugom vremenskom razdoblju Zagreb salon se razvija u respektabilnu me\u0111unarodnu izlo\u017ebu umjetni\u010dke fotografije, na kojoj sudjeluju fotografi, profesionalci i amateri, iz cijelog svijeta. Ovogodi\u0161nji 33. Zagreb salon, Fotoklub Zagreb [&hellip;]","thumbnail_url":"http:\/\/fotoklub-cakovec.hr\/wp\/wp-content\/uploads\/2010\/11\/zagreb_salon-300x202.jpg"}

Fotoklub Čakovec

Filip Lučin

Otvoren 33. Zagreb salon, uspjeh naših članova! - Fotoklub Čakovec

<blockquote class="wp-embedded-content" data-secret="V6f5n0dgYf"><a href="https://fotoklub-cakovec.hr/wp/2010/11/otvoren-33-zagreb-salon-uspjeh-nasih-clanova">Otvoren 33. Zagreb salon, uspjeh naših članova!</a></blockquote><iframe sandbox="allow-scripts" security="restricted" src="https://fotoklub-cakovec.hr/wp/2010/11/otvoren-33-zagreb-salon-uspjeh-nasih-clanova/embed#?secret=V6f5n0dgYf" width="600" height="338" title="&#8220;Otvoren 33. Zagreb salon, uspjeh naših članova!&#8221; &#8212; Fotoklub Čakovec" data-secret="V6f5n0dgYf" frameborder="0" marginwidth="0" marginheight="0" scrolling="no" class="wp-embedded-content"></iframe><script type="text/javascript">
/* <![CDATA[ */
/*! This file is auto-generated */
!function(d,l){"use strict";l.querySelector&&d.addEventListener&&"undefined"!=typeof URL&&(d.wp=d.wp||{},d.wp.receiveEmbedMessage||(d.wp.receiveEmbedMessage=function(e){var t=e.data;if((t||t.secret||t.message||t.value)&&!/[^a-zA-Z0-9]/.test(t.secret)){for(var s,r,n,a=l.querySelectorAll('iframe[data-secret="'+t.secret+'"]'),o=l.querySelectorAll('blockquote[data-secret="'+t.secret+'"]'),c=new RegExp("^https?:$","i"),i=0;i<o.length;i++)o[i].style.display="none";for(i=0;i<a.length;i++)s=a[i],e.source===s.contentWindow&&(s.removeAttribute("style"),"height"===t.message?(1e3<(r=parseInt(t.value,10))?r=1e3:~~r<200&&(r=200),s.height=r):"link"===t.message&&(r=new URL(s.getAttribute("src")),n=new URL(t.value),c.test(n.protocol))&&n.host===r.host&&l.activeElement===s&&(d.top.location.href=t.value))}},d.addEventListener("message",d.wp.receiveEmbedMessage,!1),l.addEventListener("DOMContentLoaded",function(){for(var e,t,s=l.querySelectorAll("iframe.wp-embedded-content"),r=0;r<s.length;r++)(t=(e=s[r]).getAttribute("data-secret"))||(t=Math.random().toString(36).substring(2,12),e.src+="#?secret="+t,e.setAttribute("data-secret",t)),e.contentWindow.postMessage({message:"ready",secret:t},"*")},!1)))}(window,document);
/* ]]> */
</script>

Zagreb. 4. studeni. Fotoklub Zagreb od 1910. godine tradicionalno organizira međunarodnu izložbu fotografije, koja 1962. godine dobiva i svoje današnje ime &#8211; Zagreb salon. U tom dugom vremenskom razdoblju Zagreb salon se razvija u respektabilnu međunarodnu izložbu umjetničke fotografije, na kojoj sudjeluju fotografi, profesionalci i amateri, iz cijelog svijeta. Ovogodišnji 33. Zagreb salon, Fotoklub Zagreb [&hellip;]
